**3 + 3*c**2 + 11*c - 1. What is i(-2)?
301
Let m(s) = -2*s**2 - 230*s - 2208. Calculate m(-10).
-108
Let s(r) = -r**3 - 65*r**2 + 6589*r - 1322. What is s(-120)?
-2
Let j(t) = 3347*t - 13186. Give j(4).
202
Let r(a) = 2*a**2 + 26*a - 1986. What is r(28)?
310
Let i(x) = 3359*x + 70545. Calculate i(-21).
6
Let d(k) = k**3 + 23*k**2 + 99*k - 143. Calculate d(-15).
172
Let w(v) = -399*v + 27782. What is w(58)?
4640
Let d(q) = q**2 + 187*q - 163027. Calculate d(321).
41
Let r(z) = -4*z**3 - 36*z**2 + 2519*z - 64. Calculate r(-30).
-34
Let c(o) = -1110*o - 36670. Determine c(-33).
-40
Let p(s) = -589*s**2 + 11777*s + 67. Calculate p(20).
7
Let m(f) = 10*f**3 + 58*f**2 + 876*f + 819. What is m(-1)?
-9
Let u(l) = -l**3 + 75*l**2 - 154*l + 1942. Determine u(73).
1358
Let o(i) = 4242*i - 25627. Calculate o(6).
-175
Let r(j) = -271*j**2 + 153*j + 46. Calculate r(1).
-72
Let h(n) = -1282*n - 60270. Calculate h(-47).
-16
Let d(s) = -22*s**2 - 98*s + 617. What is d(6)?
-763
Let n(l) = 1336*l**2 - 125575*l - 852. What is n(94)?
-6
Let b(v) = -v**2 - 482515*v + 13. Determine b(0).
13
Let g(a) = 157*a**3 - a**2 - 15*a + 42. Determine g(2).
1264
Let g(j) = -2*j**3 - 2*j**2 - 62*j - 923. Determine g(-13).
3939
Let f(u) = -2*u**2 - 15572*u + 752072. What is f(48)?
8
Let p(s) = -245491*s + 245479. Give p(1).
-12
Let u(k) = 873*k - 13200. Determine u(17).
1641
Let p(j) = 259*j - 30568. Calculate p(118).
-6
Let u(v) = 88499*v - 619457. What is u(7)?
36
Let v(w) = -w**3 - 443*w**2 - 2151*w + 16907. Determine v(-438).
-175
Let b(j) = j**3 + 26*j**2 - j - 713. Calculate b(-25).
-63
Let k(u) = -12396*u + 309916. Determine k(25).
16
Let u(d) = 2*d**3 - 18*d**2 - 14*d - 59. Calculate u(9).
-185
Let v(y) = 122*y - 24703. Determine v(189).
-1645
Let x(f) = -f**3 + 1000*f**2 - 4049*f + 64749. Give x(996).
9
Let a(h) = -h**2 + 56*h + 529. Give a(-8).
17
Let n(u) = 3*u**3 + 179*u**2 - 106*u - 2771. Give n(-60).
-11
Let m(y) = -409*y**2 - 412*y + 413. Determine m(1).
-408
Let l(f) = f**3 + 1793*f**2 - 2995*f - 2154600. Determine l(-1794).
-6
Let l(m) = 18199*m + 673332. What is l(-37)?
-31
Let r(v) = 1194*v**3 + 3*v**2 - 13*v - 17. Calculate r(-1).
-1195
Let d(z) = -4991*z + 20015. Calculate d(4).
51
Let g(r) = r**3 - 13*r**2 + 875*r - 5828. Give g(7).
3
Let o(s) = -s**2 + 64*s + 4553. Give o(-43).
-48
Let j(n) = 3*n**3 - 7*n**2 - 11*n - 22. Give j(5).
123
Let i(t) = -83*t**3 - 176*t**2 - 5*t - 1. Give i(-3).
671
Let t(l) = -2*l**2 - 33117*l - 264787. Calculate t(-8).
21
Let l(m) = -1345*m + 13392. Give l(10).
-58
Let j(o) = -33176*o**2 + 497639*o + 3. What is j(15)?
-12
Let k(a) = 2*a**3 - 61*a**2 - 48*a - 12561. Give k(36).
-33
Let w(n) = 8987*n + 80878. Give w(-9).
-5
Let q(j) = -7*j**2 + 56819*j - 510827. What is q(9)?
-23
Let j(l) = -2*l**3 - 30*l**2 + 10*l - 153. Determine j(-19).
2545
Let x(o) = 274*o + 1191. Calculate x(-4).
95
Let h(t) = -t**3 + 21*t**2 + 179*t + 123. Calculate h(28).
-353
Let l(z) = -z**3 - 7*z**2 + 626*z - 4761. What is l(13)?
-3
Let h(u) = 1382660*u + 12443934. Calculate h(-9).
-6
Let i(o) = 565*o**2 + 2290*o + 93. Give i(-4).
-27
Let p(k) = 956*k**3 - 2*k**2 - 20*k - 18. Determine p(-1).
-956
Let t(v) = 686338*v - 5490751. Calculate t(8).
-47
Let k(u) = 9453*u + 151259. Determine k(-16).
11
Let l(c) = 3005*c + 348729. Give l(-116).
149
Let n(s) = 46*s**3 - 13*s. Calculate n(-2).
-342
Let g(n) = -n**3 - 38*n**2 + 258*n + 5530. Give g(-42).
1750
Let j(y) = 3*y**3 + 162*y**2 - 269*y - 5712. What is j(-55)?
8
Let d(v) = v**3 + 155*v**2 + 225*v + 10936. Give d(-154).
2
Let g(u) = 310*u**2 - 13330*u + 6. Calculate g(43).
6
Let h(z) = -z**3 - 27*z**2 + 2742*z - 17534. Give h(7).
-6
Let j(z) = -5*z**2 + 30*z - 966. Give j(0).
-966
Let b(f) = 158*f**2 - 130194*f + 1630. What is b(824)?
-18
Let q(f) = 13*f**2 + 1593*f - 2347. Determine q(-124).
9
Let c(d) = -1320*d - 31681. Calculate c(-24).
-1
Let u(c) = 3*c**2 + 137*c - 130. Give u(-47).
58
Let z(p) = -2*p**3 + 406*p**2 - 16997*p + 132. Determine z(59).
-163
Let s(w) = -3*w**2 - 68*w - 294. Determine s(-17).
-5
Let a(n) = n**2 + 65*n - 6664. Calculate a(-120).
-64
Let f(n) = -958*n - 55428. Give f(-59).
1094
Let k(u) = -21233*u**2 + 21724*u - 1. Give k(1).
490
Let r(v) = -137*v**2 + 630*v + 1262. Determine r(-2).
-546
Let c(t) = -30*t - 144. Calculate c(-1).
-114
Let a(q) = -q**3 - 42*q**2 - 224*q + 1014. Calculate a(-34).
-618
Let f(x) = 4*x**2 - 212*x - 798. What is f(66)?
2634
Let x(b) = -1197*b + 298053. What is x(249)?
0
Let x(h) = 12*h**2 + 2*h - 6. Give x(-3).
96
Let o(y) = 63927*y + 1278537. Give o(-20).
-3
Let x(p) = p**3 - 17*p**2 + 178*p - 823. Give x(5).
-233
Let y(a) = -325*a + 26852. Calculate y(84).
-448
Let r(y) = 17515*y - 350325. Give r(20).
-25
Let m(o) = -o**2 + 1084*o - 293745. Give m(547).
-6
Let o(n) = -n**3 - 16*n**2 + 16069*n + 209395. Give o(-13).
-9
Let b(u) = -u**3 + 166*u**2 - 4582*u - 70. Determine b(35).
35
Let v(r) = 9665*r - 753. Determine v(0).
-753
Let b(a) = 12533*a + 350997. Determine b(-28).
73
Let z(v) = v**3 + 34*v**2 + 97*v + 71. Calculate z(0).
71
Let u(j) = j**3 + 55*j**2 - 1175*j - 60483. Calculate u(-57).
-6
Let m(i) = i**3 - 97*i**2 - 465*i - 4583. Give m(102).
7
Let z(n) = 2*n**2 - 114*n + 1346. Give z(24).
-238
Let z(v) = -8606*v + 34383. Determine z(4).
-41
Let o(t) = 329*t - 20246. Determine o(61).
-177
Let n(g) = 2*g**3 - 8*g**2 - 33269*g + 166293. Determine n(5).
-2
Let d(q) = -5*q**3 - 3398*q**2 - 296945*q + 402. Determine d(-103).
-10
Let a(p) = -p**3 - 12*p**2 + 8*p + 60. Calculate a(-11).
-149
Let b(i) = i**3 + 708*i**2 + 15087*i - 3420. Determine b(-686).
10
Let u(p) = -4*p**3 - 21*p**2 + 86*p + 396. Calculate u(-6).
-12
Let z(b) = 11*b**2 + 963*b + 535. Determine z(-87).
13
Let z(b) = b**3 + 20*b**2 - 512*b - 7287. Determine z(-29).
-8
Let q(l) = 263*l**2 - 147571*l + 15709. Give q(561).
1
Let h(s) = s**3 + 647*s**2 + 35743*s - 1766. Give h(-586).
-8
Let i(z) = -738*z**3 + 3*z**2 - 59*z + 113. Give i(2).
-5897
Let a(l) = l**2 + 40985*l + 901192. Calculate a(-22).
6
Let y(q) = -143*q - 37325. Determine y(-266).
713
Let d(b) = 25326*b + 151772. What is d(-6)?
-184
Let u(p) = 36944*p + 2770783. Give u(-75).
-17
Let p(w) = w**3 + 3*w**2 - 565*w - 114. What is p(-25)?
261
Let o(z) = -750*z - 6711. Give o(-9).
39
Let x(j) = -5*j**2 - 24*j + 737. What is x(-16)?
-159
Let g(s) = 2458*s - 793924. What is g(323)?
10
Let s(t) = -t**3 - 20*t**2 + 12*t - 662. Give s(-22).
42
Let x(h) = -h**3 - 39*h**2 - 499*h - 2401. Give x(-21).
140
Let f(o) = -88*o + 1282. Determine f(21).
-566
Let t(l) = l**3 - 88*l**2 - 57*l - 2683. Determine t(89).
165
Let l(j) = -197*j**3 - 55*j**2 + 7*j + 1. What is l(-2)?
1343
Let z(n) = -287*n - 83817. What is z(-292)?
-13
Let b(w) = -683*w + 11660. Give b(17).
49
Let u(i) = -26*i**2 - 1560*i - 3018. Give u(-58).
-2
Let w(x) = 20*x**2 - 467*x + 3638. What is w(8)?
1182
Let p(t) = -t**2 + 11348*t - 485931. Calculate p(43).
184
Let u(a) = 25*a**3 + 1874*a**2 - 78*a - 229. Calculate u(-75).
-4
Let i(q) = 465167*q - 6512336. Give i(14).
2
Let a(h) = 2*h**2 + 139*h + 290. What is a(-71)?
503
Let v(m) = -11*m**3 - 78*m**2 + 33*m + 146. What is v(-7)?
-134
Let c(k) = -445*k - 88125. Determine c(-198).
-15
Let s(y) = 3*y**2 + 1272*y - 113988. Determine s(-500).
12
Let z(d) = -4*d**3 - 53*d**2 + 56*d + 199. What is z(-13)?
-698
Let r(l) = -l**3 + 123*l**2 - 807*l - 587. Give r(116).
-7
Let v(l) = -10829*l + 379043. Calculate v(35).
28
Let f(z) = -12*z**2 - 1107*z - 1036. What is f(-93)?
-1873
Let p(q) = -q**2 + 104*q - 2334. What is p(48)?
354
Let x(h) = -500*h**2 + 111006*h - 1338. Give x(222).
-6
Let o(l) = l**3 + 558*l**2 - 17642*l + 60. Give o(30).
0
Let w(g) = 245*g**2 + 17*g + 19. Give w(1).
281
Let h(s) = -86*s - 898. Give h(-21).
908
Let g(q) = 19498*q + 312041. Give g(-16).
73
Let z(i) = -3*i**3 + 26*i**2 - 1106*i + 8731. Calculate z(8).
11
Let c(k) = k**3 + 375*k**2 + 654*k + 104590. Give c(-374).
-130
Let p(y) = 31*y**3 - 4802*y**2 + 4323*y - 1694. Determine p(154).
0
Let h(o) = o**2 - 214*o + 9399. Give h(160).
759
Let t(k) = -6*k**3 - 200*k**2 + 496*k + 12239. Calculate t(-34).
-1
Let w(b) = -b**3 + 193*b**2 - 764*b + 147456. Determine w(193).
4
Let o(p) = 13*p**3 + 25*p**2 - 2*p - 4. Determine o(-6).
-1900
Let f(n) = 381*n + 